1437 (base 12) in base 13?
ac849
What is -46690 (base 11) in base 14?
-1a7a7
Convert -40344102 (base 5) to base 15.
-66402
Convert 698c6 (base 16) to base 15.
8816b
What is 11111011010001101 (base 2) in base 13?
46735
Convert 4260305 (base 10) to base 8.
20200721
-202311222212 (base 4) to base 11
-51785a4
What is 5b165 (base 14) in base 9?
368246
Convert 26b9b1 (base 14) to base 15.
1b67b7
What is 4464c (base 13) in base 14?
33330
What is -10020221102000 (base 3) in base 9?
-3227360
Convert 19c2207 (base 14) to base 3.
220011011211012
Convert -5ada46 (base 14) to base 4.
-23313200332
What is 1001001000101110 (base 2) in base 6?
445130
100100000021 (base 3) to base 9
310007
Convert -687318 (base 9) to base 8.
-1444761
Convert -2110120222221 (base 3) to base 11.
-815862
207311 (base 9) to base 11
84831
Convert 242304 (base 6) to base 5.
1140110
-1001111100001110110 (base 2) to base 15
-667ba
What is 608651 (base 12) in base 11?
93a874
Convert 989031 (base 10) to base 11.
61608a
What is -73771317 (base 8) in base 4?
-323333023033
Convert -36400 (base 14) to base 10.
-132496
Convert 637188 (base 10) to base 9.
1171046
Convert -12000120220 (base 3) to base 6.
-2041340
What is 1001010111010101011000 (base 2) in base 4?
21113111120
-5485a (base 11) to base 2
-10011011011001010
Convert 77ab26 (base 12) to base 6.
104503250
What is 10111101010101010000 (base 2) in base 16?
bd550
What is 2292719 (base 10) in base 11?
1326610
Convert 42b1ce (base 16) to base 13.
ba0638
Convert -1022030 (base 4) to base 12.
-28b8
-26157170 (base 9) to base 16
-c419e5
Convert 79a38 (base 11) to base 12.
56b71
5534b (base 13) to base 15
30b0a
-96844 (base 11) to base 2
-100010010111100011
4041661 (base 7) to base 4
1311121300
-5b952 (base 13) to base 15
-34e25
498233 (base 10) to base 14
cd801
What is -34223031 (base 5) in base 16?
-4a67e
1020131031 (base 4) to base 6
10205553
Convert -4147b (base 15) to base 11.
-131493
Convert -4561673 (base 11) to base 15.
-a79d3c
Convert 1aa1a (base 15) to base 6.
1505054
Convert b3590 (base 12) to base 11.
14a986
What is -1315142 (base 6) in base 14?
-1c570
Convert 16b25 (base 16) to base 13.
33412
Convert 12292 (base 10) to base 15.
3997
Convert 909b14 (base 12) to base 2.
1000100110111100000000
-561164 (base 7) to base 12
-4927b
-10167 (base 16) to base 5
-4102040
What is 5bd7a0 (base 16) in base 9?
12283431
Convert -3b95b (base 13) to base 7.
-642630
Convert -294745 (base 10) to base 4.
-1013331121
Convert -20807 (base 16) to base 13.
-48797
Convert 100101010110101010001 (base 2) to base 9.
2265028
What is -1664 (base 15) in base 8?
-11323
Convert 224110122 (base 5) to base 11.
626184
What is 15eca (base 15) in base 14?
1bb60
Convert -1153626 (base 9) to base 4.
-2120311020
What is 163366 (base 10) in base 5?
20211431
Convert -21750 (base 16) to base 3.
-20221222120
86495 (base 12) to base 7
1334606
438747 (base 11) to base 16
aad19
What is -712876 (base 10) in base 2?
-10101110000010101100
What is 99333 (base 10) in base 15?
1e673
-2302234004 (base 5) to base 8
-23414064
2131101310 (base 4) to base 12
270984
Convert -11100001011011101 (base 2) to base 6.
-2250205
Convert -230302434 (base 5) to base 13.
-29b937
Convert -1010101110000100001 (base 2) to base 16.
-55c21
2234452 (base 6) to base 7
652520
-63521540 (base 7) to base 11
-3047905
-5cbbe (base 15) to base 8
-1102527
What is 33c02 (base 13) in base 11?
64941
Convert -8875582 (base 9) to base 14.
-8c3add
19105 (base 13) to base 2
1011110101111100
What is 67372 (base 10) in base 16?
1072c
c3c63 (base 15) to base 5
124323133
What is 221201101202 (base 3) in base 4?
1323211220
392048 (base 11) to base 6
21123232
Convert 4acda8 (base 14) to base 16.
273b48
Convert 1800c1 (base 13) to base 4.
2102132002
Convert -250245643 (base 7) to base 10.
-15692575
1070037 (base 8) to base 11
189577
Convert 1100111000001010 (base 2) to base 14.
15318
295467 (base 10) to base 12
122ba3
What is -ab573c (base 13) in base 9?
-7535813
38264 (base 15) to base 13
63886
Convert 103200012 (base 4) to base 5.
10024003
-11a378b (base 13) to base 15
-73721b
Convert 77162 (base 11) to base 12.
54989
Convert 21d2 (base 15) to base 16.
1c04
266364 (base 7) to base 14
1446b
Convert 2110243330 (base 5) to base 9.
8222010
566408 (base 11) to base 15
12c204
Convert 201012011 (base 5) to base 4.
3002300330
What is -17bdd3 (base 14) in base 8?
-3147745
Convert 11011101001101101110 (base 2) to base 14.
1982d0
What is 21326 (base 15) in base 7?
616050
Convert 10101001000110011 (base 2) to base 14.
237a3
-1230033013 (base 4) to base 16
-6c3c7
a45080 (base 12) to base 6
131144240
What is -113270 (base 10) in base 3?
-12202101012
What is 1baac (base 16) in base 12?
556b8
-32140423 (base 5) to base 14
-70c71
Convert 4565526 (base 7) to base 3.
1002000021210
-3448571 (base 10) to base 9
-6435485
What is -220200122212 (base 3) in base 10?
-485996
Convert -10011024 (base 7) to base 4.
-3021233001
Convert 272350 (base 11) to base 9.
721577
Convert -20050454 (base 6) to base 5.
-121112110
Convert -813099 (base 11) to base 5.
-313312100
Convert 1b3cc (base 16) to base 13.
3ba1b
21f89 (base 16) to base 14
389cd
-1011110101000011110000 (base 2) to base 12
-1056614
435316 (base 9) to base 7
2131245
What is -101221220200 (base 3) in base 4?
-310222221
Convert 27b77 (base 14) to base 4.
113333331
What is -2c891 (base 13) in base 12?
-411b8
11000000101010010011 (base 2) to base 11
49998a
What is -427360 (base 9) in base 4?
-332023332
What is -355032 (base 8) in base 4?
-131220122
What is 703419 (base 10) in base 8?
2535673
Convert 1b5b3 (base 12) to base 11.
28559
Convert -122300323311 (base 4) to base 12.
-2424359
What is 5bd4 (base 15) in base 4?
10301131
2040340141 (base 5) to base 6
230402235
Convert -5b5787 (base 12) to base 6.
-51433051
What is -4c250 (base 14) in base 9?
-314527
Convert 5ba50 (base 15) to base 13.
a322a
What is -123233110222 (base 4) in base 12?
-252820a
-21477 (base 10) to base 9
-32413
Convert 212202111221111 (base 3) to base 4.
300022300120
-38394 (base 11) to base 6
-1102445
What is -8012566 (base 10) in base 16?
-7a4316
-24430401 (base 5) to base 10
-233226
Convert -1003021021 (base 4) to base 6.
-5521121
What is 100111100100010111111 (base 2) in base 15?
1a9285
What is -50690 (base 12) in base 16?
-198cc
What is -1110010000011 (base 2) in base 5?
-213144
303505121 (base 6) to base 15
6d14ba
13112031 (base 4) to base 5
1430333
Convert -34042334 (base 5) to base 7.
-2355550
1660653 (base 8) to base 9
816525
-4c0876 (base 13) to base 6
-103113121
Convert -1624046 (base 7) to base 15.
-4689e
-26663206 (base 7) to base 6
-124532121
Convert 7454877 (base 10) to base 8.
34340235
What is -4ab624 (base 14) in base 13?
-6bb45b
Convert -3561312 (base 7) to base 6.
-13404023
What is 31382 (base 11) in base 5?
2430312
100001010022211 (base 3) to base 13
cc3154
-12300132120 (base 4) to base 9
-3288830
-2943773 (base 11) to base 15
-69d160
488878 (base 12) to base 15
1837de
4954b (base 12) to base 16
183cb
126380a (base 12) to base 5
1411130120
-110a4a (base 11) to base 6
-3443124
What is -3101355 (base 9) in base 14?
-310cb0
-2010011143 (base 5) to base 3
-21111110122000
-2221300133 (base 4) to base 6
-22523035
-12103100 (base 4) to base 8
-62320
What is 55950 (base 14) in base 8?
625422
Convert 4335730 (base 8) to base 2.
100011011101111011000
What is -1456727 (base 8) in base 4?
-1211313113
What is 230234440 (base 5) in base 7?
11464334
Convert 1b3934b (base 13) to base 14.
12aa158
What is -261712 (base 9) in base 2?
-100110110000110011
-1aa329 (base 11) to base 14
-85085
What is 7623600 (base 8) in base 6?
111432240
What is -ecb34 (base 15) in base 4?
-2313202132
What is -40445004 (base 7) in base 6?
-200142243
Convert -8a924b (base 12) to base 15.
-2dae95
22122201102020 (base 3) to base 6
242333353
-243223203 (base 5) to base 2
-100011000011010001001
Convert -2111211002202 (base 3) to base 11.
-831a01
What is 110101102222 (base 3) in base 10?
243809
What is 1712420 (base 9) in base 8?
3505471
Convert -1703260 (base 10) to base 5.
-414001020
17d9c0 (base 15) to base 13
317bb9
13212032131 (base 4) to base 14
39bb1b
What is 12010130001 (base 4) in base 10?
1591041
What is -33744 (base 12) in base 16?
-10b64
Con